{"id":39,"date":"2022-12-15T16:36:04","date_gmt":"2022-12-15T15:36:04","guid":{"rendered":"http:\/\/centrum-harmonia.eu\/?page_id=39"},"modified":"2024-06-25T20:15:10","modified_gmt":"2024-06-25T18:15:10","slug":"polske-vystupy","status":"publish","type":"page","link":"http:\/\/centrum-harmonia.eu\/?page_id=39","title":{"rendered":"Opakovan\u00e9 pou\u017eitie vec\u00ed"},"content":{"rendered":"\n<p><strong>Kurz Opakovan\u00e9 pou\u017eitie vec\u00ed<\/strong> cielene popisuje mo\u017enosti vyu\u017e\u00edvania vec\u00ed opakovane s prihliadnut\u00edm na glob\u00e1lny syst\u00e9m zvy\u0161ovania odpadov a snahy o mo\u017enosti netvori\u0165 \u010fal\u0161\u00ed odpad. S\u00fa spracovan\u00e9 podrobn\u00e9 teoretick\u00e9 materi\u00e1ly pre vyu\u017eitie v online teoretickom kurze.<\/p>\n\n\n\n<p>Kurz prispeje k zlep\u0161ovaniu vzdelania a \u013eah\u0161ej mo\u017enosti uplatnenia sa cie\u013eovej skupiny pri h\u013eadan\u00ed zamestnania v regi\u00f3ne s po\u013enohospod\u00e1rskou v\u00fdrobou, ale aj r\u00f4znymi mal\u00fdmi firmami s remeselnou v\u00fdrobou. Z\u00e1rove\u0148 je to mo\u017enos\u0165 na uplatnenie sa v mo\u017enom soci\u00e1lnom podniku, ktor\u00fd by takto mohol v regi\u00f3noch partnerov vznikn\u00fa\u0165. Samostatnou kateg\u00f3riou v\u00fdsledku tohto kurzu je vyu\u017e\u00edvanie jeho obsahu na terapiu pr\u00e1cou, terapiu pre zlep\u0161enie motorick\u00fdch zru\u010dnost\u00ed \u013eud\u00ed s postihom ale aj pre be\u017en\u00fa terapiu za \u00fa\u010delom relaxu pre \u013eud\u00ed postihnut\u00fdch stresom.<\/p>\n\n\n\n<hr class=\"wp-block-separator has-alpha-channel-opacity\"\/>\n\n\n\n<p>Od marca 2023 do decembra 2023 sme uskuto\u010dnili 20 workshopov t\u00fdkaj\u00facich sa op\u00e4tovn\u00e9ho pou\u017eitia star\u00fdch materi\u00e1lov: oble\u010denie, papier, plast alebo dokonca star\u00e9 kovov\u00e9 n\u00e1stroje a zvy\u0161ky. Up-cycling workshopy sa konali v Dome Ludowy, Wieliczka, ul. Krzyszkowicka v d\u0148och:<\/p>\n\n\n\n<ul>\n<li>7, 14, 21\/12\/2023 &#8211; ozdoby Choinkowe &#8211; Szopki i ba\u0144ki<\/li>\n\n\n\n<li>9,16,23,30\/11\/2023 &#8211; filcowanie a decoupage<\/li>\n\n\n\n<li>12,19,26\/10\/2023 &#8211; Stare jak Nowe- up-cyklingowe ciuszki, rob\u00f3tki na drutach<\/li>\n\n\n\n<li>11,14,18, 21, 26\/09\/2023 &#8211; filcowanie na mokro &#8211; ozdoby i maskotki<\/li>\n<\/ul>\n\n\n\n<p>Na workshopoch sme vytvorili nov\u00e9 handri\u010dky z pou\u017eit\u00fdch, ozdoby na Ve\u013ek\u00fa noc a Vianoce a vychyt\u00e1vky s pou\u017eit\u00edm vlny &#8211; suchej i mokrej. Vytv\u00e1rali sme maskotov a dekorat\u00edvne umenie. Pracujeme na technike pletenia a plstenia. Pou\u017eitie farby na zdobenie tri\u010diek, ta\u0161iek at\u010f. Techniky decoupage na zdobenie krabi\u010diek at\u010f.<\/p>\n\n\n\n<p>\u010eal\u0161ie workshopy sa uskuto\u010dnili s pou\u017eit\u00edm sol\u00e1rnej gitary na:<\/p>\n\n\n\n<ul>\n<li>6-7\/05\/2023 v Bytom &#8211; novinov\u00fd \u010dl\u00e1nok<\/li>\n\n\n\n<li>12.07.2023, 22.08.2023 v Krakowskie Centrum Edukacji Klimatycznej(\u010dl\u00e1nok)<\/li>\n\n\n\n<li>06-07\/09\/2023, v Uniwersytet Pedagogiczny w Krakowie (\u010dl\u00e1nok)<\/li>\n<\/ul>\n\n\n\n<hr class=\"wp-block-separator has-alpha-channel-opacity\"\/>\n\n\n\n<figure class=\"wp-block-embed is-type-video is-provider-youtube wp-block-embed-youtube wp-embed-aspect-16-9 wp-has-aspect-ratio\"><div class=\"wp-block-embed__wrapper\">\n<iframe loading=\"lazy\" title=\"Filcowa Bombka\" width=\"800\" height=\"450\" src=\"https:\/\/www.youtube.com\/embed\/RmjHHJP9-uQ?feature=oembed\" frameborder=\"0\" allow=\"accelerometer; autoplay; clipboard-write; encrypted-media; gyroscope; picture-in-picture; web-share\" referrerpolicy=\"strict-origin-when-cross-origin\" allowfullscreen><\/iframe>\n<\/div><\/figure>\n\n\n\n<figure class=\"wp-block-embed is-type-video is-provider-youtube wp-block-embed-youtube wp-embed-aspect-16-9 wp-has-aspect-ratio\"><div class=\"wp-block-embed__wrapper\">\n<iframe loading=\"lazy\" title=\"how to make artsy apron\" width=\"800\" height=\"450\" src=\"https:\/\/www.youtube.com\/embed\/svhE39ig_4E?feature=oembed\" frameborder=\"0\" allow=\"accelerometer; autoplay; clipboard-write; encrypted-media; gyroscope; picture-in-picture; web-share\" referrerpolicy=\"strict-origin-when-cross-origin\" allowfullscreen><\/iframe>\n<\/div><\/figure>\n\n\n\n<figure class=\"wp-block-embed is-type-video is-provider-youtube wp-block-embed-youtube wp-embed-aspect-16-9 wp-has-aspect-ratio\"><div class=\"wp-block-embed__wrapper\">\n<iframe loading=\"lazy\" title=\"Solar Guitar\" width=\"800\" height=\"450\" src=\"https:\/\/www.youtube.com\/embed\/4v_d5bIBe3Y?feature=oembed\" frameborder=\"0\" allow=\"accelerometer; autoplay; clipboard-write; encrypted-media; gyroscope; picture-in-picture; web-share\" referrerpolicy=\"strict-origin-when-cross-origin\" allowfullscreen><\/iframe>\n<\/div><\/figure>\n\n\n\n<figure class=\"wp-block-embed is-type-video is-provider-youtube wp-block-embed-youtube wp-embed-aspect-16-9 wp-has-aspect-ratio\"><div class=\"wp-block-embed__wrapper\">\n<iframe loading=\"lazy\" title=\"Straw gwiazdka\" width=\"800\" height=\"450\" src=\"https:\/\/www.youtube.com\/embed\/-bduB437El4?feature=oembed\" frameborder=\"0\" allow=\"accelerometer; autoplay; clipboard-write; encrypted-media; gyroscope; picture-in-picture; web-share\" referrerpolicy=\"strict-origin-when-cross-origin\" allowfullscreen><\/iframe>\n<\/div><\/figure>\n\n\n\n<figure class=\"wp-block-embed is-type-video is-provider-youtube wp-block-embed-youtube wp-embed-aspect-16-9 wp-has-aspect-ratio\"><div class=\"wp-block-embed__wrapper\">\n<iframe loading=\"lazy\" title=\"gwiazdka2\" width=\"800\" height=\"450\" src=\"https:\/\/www.youtube.com\/embed\/QkZXB97cqXw?feature=oembed\" frameborder=\"0\" allow=\"accelerometer; autoplay; clipboard-write; encrypted-media; gyroscope; picture-in-picture; web-share\" referrerpolicy=\"strict-origin-when-cross-origin\" allowfullscreen><\/iframe>\n<\/div><\/figure>\n\n\n\n<figure class=\"wp-block-embed is-type-video is-provider-youtube wp-block-embed-youtube wp-embed-aspect-16-9 wp-has-aspect-ratio\"><div class=\"wp-block-embed__wrapper\">\n<iframe loading=\"lazy\" title=\"filcowanie na mokro\" width=\"800\" height=\"450\" src=\"https:\/\/www.youtube.com\/embed\/I6BviaKs994?feature=oembed\" frameborder=\"0\" allow=\"accelerometer; autoplay; clipboard-write; encrypted-media; gyroscope; picture-in-picture; web-share\" referrerpolicy=\"strict-origin-when-cross-origin\" allowfullscreen><\/iframe>\n<\/div><\/figure>\n\n\n\n<figure class=\"wp-block-embed is-type-video is-provider-youtube wp-block-embed-youtube wp-embed-aspect-16-9 wp-has-aspect-ratio\"><div class=\"wp-block-embed__wrapper\">\n<iframe loading=\"lazy\" title=\"how to decorate\" width=\"800\" height=\"450\" src=\"https:\/\/www.youtube.com\/embed\/GQ7pzn9nmFU?feature=oembed\" frameborder=\"0\" allow=\"accelerometer; autoplay; clipboard-write; encrypted-media; gyroscope; picture-in-picture; web-share\" referrerpolicy=\"strict-origin-when-cross-origin\" allowfullscreen><\/iframe>\n<\/div><\/figure>\n\n\n\n<figure class=\"wp-block-embed is-type-video is-provider-youtube wp-block-embed-youtube wp-embed-aspect-16-9 wp-has-aspect-ratio\"><div class=\"wp-block-embed__wrapper\">\n<iframe loading=\"lazy\" title=\"Kreatywne ozdoby\" width=\"800\" height=\"450\" src=\"https:\/\/www.youtube.com\/embed\/2xwd9AZNWlM?feature=oembed\" frameborder=\"0\" allow=\"accelerometer; autoplay; clipboard-write; encrypted-media; gyroscope; picture-in-picture; web-share\" referrerpolicy=\"strict-origin-when-cross-origin\" allowfullscreen><\/iframe>\n<\/div><\/figure>\n","protected":false},"excerpt":{"rendered":"<p>Kurz Opakovan\u00e9 pou\u017eitie vec\u00ed cielene popisuje mo\u017enosti vyu\u017e\u00edvania vec\u00ed opakovane s prihliadnut\u00edm na glob\u00e1lny syst\u00e9m zvy\u0161ovania odpadov a snahy o mo\u017enosti netvori\u0165 \u010fal\u0161\u00ed odpad. S\u00fa spracovan\u00e9 podrobn\u00e9 teoretick\u00e9 materi\u00e1ly pre vyu\u017eitie v online teoretickom kurze. Kurz prispeje k zlep\u0161ovaniu vzdelania a \u013eah\u0161ej mo\u017enosti uplatnenia sa cie\u013eovej skupiny pri h\u013eadan\u00ed zamestnania v regi\u00f3ne s po\u013enohospod\u00e1rskou v\u00fdrobou, ale aj r\u00f4znymi mal\u00fdmi firmami s remeselnou v\u00fdrobou. Z\u00e1rove\u0148 je to mo\u017enos\u0165 na uplatnenie sa v mo\u017enom soci\u00e1lnom podniku, ktor\u00fd by takto mohol v regi\u00f3noch partnerov vznikn\u00fa\u0165. Samostatnou kateg\u00f3riou v\u00fdsledku tohto kurzu je vyu\u017e\u00edvanie jeho obsahu na terapiu pr\u00e1cou, terapiu pre zlep\u0161enie motorick\u00fdch zru\u010dnost\u00ed \u013eud\u00ed s postihom ale aj pre be\u017en\u00fa terapiu za \u00fa\u010delom relaxu pre \u013eud\u00ed postihnut\u00fdch stresom. Od marca 2023 do decembra 2023 sme uskuto\u010dnili 20 workshopov t\u00fdkaj\u00facich sa op\u00e4tovn\u00e9ho pou\u017eitia star\u00fdch materi\u00e1lov: oble\u010denie, papier, plast alebo dokonca star\u00e9 kovov\u00e9 n\u00e1stroje a zvy\u0161ky. Up-cycling workshopy sa konali v Dome Ludowy, Wieliczka, ul. Krzyszkowicka&hellip;<\/p>\n<p> <a class=\"more-link\" href=\"http:\/\/centrum-harmonia.eu\/?page_id=39\">Read more<\/a><\/p>\n","protected":false},"author":1,"featured_media":0,"parent":24,"menu_order":3,"comment_status":"closed","ping_status":"closed","template":"","meta":{"_monsterinsights_skip_tracking":false,"_monsterinsights_sitenote_active":false,"_monsterinsights_sitenote_note":"","_monsterinsights_sitenote_category":0},"_links":{"self":[{"href":"http:\/\/centrum-harmonia.eu\/index.php?rest_route=\/wp\/v2\/pages\/39"}],"collection":[{"href":"http:\/\/centrum-harmonia.eu\/index.php?rest_route=\/wp\/v2\/pages"}],"about":[{"href":"http:\/\/centrum-harmonia.eu\/index.php?rest_route=\/wp\/v2\/types\/page"}],"author":[{"embeddable":true,"href":"http:\/\/centrum-harmonia.eu\/index.php?rest_route=\/wp\/v2\/users\/1"}],"replies":[{"embeddable":true,"href":"http:\/\/centrum-harmonia.eu\/index.php?rest_route=%2Fwp%2Fv2%2Fcomments&post=39"}],"version-history":[{"count":6,"href":"http:\/\/centrum-harmonia.eu\/index.php?rest_route=\/wp\/v2\/pages\/39\/revisions"}],"predecessor-version":[{"id":240,"href":"http:\/\/centrum-harmonia.eu\/index.php?rest_route=\/wp\/v2\/pages\/39\/revisions\/240"}],"up":[{"embeddable":true,"href":"http:\/\/centrum-harmonia.eu\/index.php?rest_route=\/wp\/v2\/pages\/24"}],"wp:attachment":[{"href":"http:\/\/centrum-harmonia.eu\/index.php?rest_route=%2Fwp%2Fv2%2Fmedia&parent=39"}],"curies":[{"name":"wp","href":"https:\/\/api.w.org\/{rel}","templated":true}]}}

Opakované použitie vecí

<p><strong>Kurz Opakované použitie vecí</strong> cielene popisuje možnosti využívania vecí opakovane s prihliadnutím na globálny systém zvyšovania odpadov a snahy o možnosti netvoriť ďalší odpad. Sú spracované podrobné teoretické materiály pre využitie v online teoretickom kurze.</p>



<p>Kurz prispeje k zlepšovaniu vzdelania a ľahšej možnosti uplatnenia sa cieľovej skupiny pri hľadaní zamestnania v regióne s poľnohospodárskou výrobou, ale aj rôznymi malými firmami s remeselnou výrobou. Zároveň je to možnosť na uplatnenie sa v možnom sociálnom podniku, ktorý by takto mohol v regiónoch partnerov vzniknúť. Samostatnou kategóriou výsledku tohto kurzu je využívanie jeho obsahu na terapiu prácou, terapiu pre zlepšenie motorických zručností ľudí s postihom ale aj pre bežnú terapiu za účelom relaxu pre ľudí postihnutých stresom.</p>



<hr class="wp-block-separator has-alpha-channel-opacity"/>



<p>Od marca 2023 do decembra 2023 sme uskutočnili 20 workshopov týkajúcich sa opätovného použitia starých materiálov: oblečenie, papier, plast alebo dokonca staré kovové nástroje a zvyšky. Up-cycling workshopy sa konali v Dome Ludowy, Wieliczka, ul. Krzyszkowicka v dňoch:</p>



<ul>
<li>7, 14, 21/12/2023 &#8211; ozdoby Choinkowe &#8211; Szopki i bańki</li>



<li>9,16,23,30/11/2023 &#8211; filcowanie a decoupage</li>



<li>12,19,26/10/2023 &#8211; Stare jak Nowe- up-cyklingowe ciuszki, robótki na drutach</li>



<li>11,14,18, 21, 26/09/2023 &#8211; filcowanie na mokro &#8211; ozdoby i maskotki</li>
</ul>



<p>Na workshopoch sme vytvorili nové handričky z použitých, ozdoby na Veľkú noc a Vianoce a vychytávky s použitím vlny &#8211; suchej i mokrej. Vytvárali sme maskotov a dekoratívne umenie. Pracujeme na technike pletenia a plstenia. Použitie farby na zdobenie tričiek, tašiek atď. Techniky decoupage na zdobenie krabičiek atď.</p>



<p>Ďalšie workshopy sa uskutočnili s použitím solárnej gitary na:</p>



<ul>
<li>6-7/05/2023 v Bytom &#8211; novinový článok</li>



<li>12.07.2023, 22.08.2023 v Krakowskie Centrum Edukacji Klimatycznej(článok)</li>



<li>06-07/09/2023, v Uniwersytet Pedagogiczny w Krakowie (článok)</li>
</ul>



<hr class="wp-block-separator has-alpha-channel-opacity"/>



<figure class="wp-block-embed is-type-video is-provider-youtube wp-block-embed-youtube wp-embed-aspect-16-9 wp-has-aspect-ratio"><div class="wp-block-embed__wrapper">
<iframe loading="lazy" title="Filcowa Bombka" width="800" height="450" src="https://www.youtube.com/embed/RmjHHJP9-uQ?feature=oembed" frameborder="0" allow="accelerometer; autoplay; clipboard-write; encrypted-media; gyroscope; picture-in-picture; web-share" referrerpolicy="strict-origin-when-cross-origin" allowfullscreen></iframe>
</div></figure>



<figure class="wp-block-embed is-type-video is-provider-youtube wp-block-embed-youtube wp-embed-aspect-16-9 wp-has-aspect-ratio"><div class="wp-block-embed__wrapper">
<iframe loading="lazy" title="how to make artsy apron" width="800" height="450" src="https://www.youtube.com/embed/svhE39ig_4E?feature=oembed" frameborder="0" allow="accelerometer; autoplay; clipboard-write; encrypted-media; gyroscope; picture-in-picture; web-share" referrerpolicy="strict-origin-when-cross-origin" allowfullscreen></iframe>
</div></figure>



<figure class="wp-block-embed is-type-video is-provider-youtube wp-block-embed-youtube wp-embed-aspect-16-9 wp-has-aspect-ratio"><div class="wp-block-embed__wrapper">
<iframe loading="lazy" title="Solar Guitar" width="800" height="450" src="https://www.youtube.com/embed/4v_d5bIBe3Y?feature=oembed" frameborder="0" allow="accelerometer; autoplay; clipboard-write; encrypted-media; gyroscope; picture-in-picture; web-share" referrerpolicy="strict-origin-when-cross-origin" allowfullscreen></iframe>
</div></figure>



<figure class="wp-block-embed is-type-video is-provider-youtube wp-block-embed-youtube wp-embed-aspect-16-9 wp-has-aspect-ratio"><div class="wp-block-embed__wrapper">
<iframe loading="lazy" title="Straw gwiazdka" width="800" height="450" src="https://www.youtube.com/embed/-bduB437El4?feature=oembed" frameborder="0" allow="accelerometer; autoplay; clipboard-write; encrypted-media; gyroscope; picture-in-picture; web-share" referrerpolicy="strict-origin-when-cross-origin" allowfullscreen></iframe>
</div></figure>



<figure class="wp-block-embed is-type-video is-provider-youtube wp-block-embed-youtube wp-embed-aspect-16-9 wp-has-aspect-ratio"><div class="wp-block-embed__wrapper">
<iframe loading="lazy" title="gwiazdka2" width="800" height="450" src="https://www.youtube.com/embed/QkZXB97cqXw?feature=oembed" frameborder="0" allow="accelerometer; autoplay; clipboard-write; encrypted-media; gyroscope; picture-in-picture; web-share" referrerpolicy="strict-origin-when-cross-origin" allowfullscreen></iframe>
</div></figure>



<figure class="wp-block-embed is-type-video is-provider-youtube wp-block-embed-youtube wp-embed-aspect-16-9 wp-has-aspect-ratio"><div class="wp-block-embed__wrapper">
<iframe loading="lazy" title="filcowanie na mokro" width="800" height="450" src="https://www.youtube.com/embed/I6BviaKs994?feature=oembed" frameborder="0" allow="accelerometer; autoplay; clipboard-write; encrypted-media; gyroscope; picture-in-picture; web-share" referrerpolicy="strict-origin-when-cross-origin" allowfullscreen></iframe>
</div></figure>



<figure class="wp-block-embed is-type-video is-provider-youtube wp-block-embed-youtube wp-embed-aspect-16-9 wp-has-aspect-ratio"><div class="wp-block-embed__wrapper">
<iframe loading="lazy" title="how to decorate" width="800" height="450" src="https://www.youtube.com/embed/GQ7pzn9nmFU?feature=oembed" frameborder="0" allow="accelerometer; autoplay; clipboard-write; encrypted-media; gyroscope; picture-in-picture; web-share" referrerpolicy="strict-origin-when-cross-origin" allowfullscreen></iframe>
</div></figure>



<figure class="wp-block-embed is-type-video is-provider-youtube wp-block-embed-youtube wp-embed-aspect-16-9 wp-has-aspect-ratio"><div class="wp-block-embed__wrapper">
<iframe loading="lazy" title="Kreatywne ozdoby" width="800" height="450" src="https://www.youtube.com/embed/2xwd9AZNWlM?feature=oembed" frameborder="0" allow="accelerometer; autoplay; clipboard-write; encrypted-media; gyroscope; picture-in-picture; web-share" referrerpolicy="strict-origin-when-cross-origin" allowfullscreen></iframe>
</div></figure>

<p>Kurz Opakované použitie vecí cielene popisuje možnosti využívania vecí opakovane s prihliadnutím na globálny systém zvyšovania odpadov a snahy o možnosti netvoriť ďalší odpad. Sú spracované podrobné teoretické materiály pre využitie v online teoretickom kurze. Kurz prispeje k zlepšovaniu vzdelania a ľahšej možnosti uplatnenia sa cieľovej skupiny pri hľadaní zamestnania v regióne s poľnohospodárskou výrobou, ale aj rôznymi malými firmami s remeselnou výrobou. Zároveň je to možnosť na uplatnenie sa v možnom sociálnom podniku, ktorý by takto mohol v regiónoch partnerov vzniknúť. Samostatnou kategóriou výsledku tohto kurzu je využívanie jeho obsahu na terapiu prácou, terapiu pre zlepšenie motorických zručností ľudí s postihom ale aj pre bežnú terapiu za účelom relaxu pre ľudí postihnutých stresom. Od marca 2023 do decembra 2023 sme uskutočnili 20 workshopov týkajúcich sa opätovného použitia starých materiálov: oblečenie, papier, plast alebo dokonca staré kovové nástroje a zvyšky. Up-cycling workshopy sa konali v Dome Ludowy, Wieliczka, ul. Krzyszkowicka&hellip;</p>
<p> <a class="more-link" href="http://centrum-harmonia.eu/?page_id=39">Read more</a></p>
