{"id":24,"date":"2022-12-15T16:19:13","date_gmt":"2022-12-15T15:19:13","guid":{"rendered":"http:\/\/centrum-harmonia.eu\/?page_id=24"},"modified":"2024-05-29T19:53:28","modified_gmt":"2024-05-29T17:53:28","slug":"centrum-spoluprace-s-inkluziou-harmonia","status":"publish","type":"page","link":"http:\/\/centrum-harmonia.eu\/","title":{"rendered":"Centrum spolupr\u00e1ce s inkl\u00faziou Harm\u00f3nia"},"content":{"rendered":"\n<p>Projekt: <strong>2021-1-SK01-KA210-ADU-000029390<\/strong><\/p>\n\n\n\n<figure class=\"wp-block-image size-large is-resized is-style-default\"><img decoding=\"async\" loading=\"lazy\" src=\"http:\/\/centrum-harmonia.eu\/wp-content\/uploads\/2024\/05\/SK-Financovany-Europskou-uniou_PANTONE-1024x215.jpg\" alt=\"\" class=\"wp-image-62\" width=\"348\" height=\"73\" srcset=\"http:\/\/centrum-harmonia.eu\/wp-content\/uploads\/2024\/05\/SK-Financovany-Europskou-uniou_PANTONE-1024x215.jpg 1024w, http:\/\/centrum-harmonia.eu\/wp-content\/uploads\/2024\/05\/SK-Financovany-Europskou-uniou_PANTONE-300x63.jpg 300w, http:\/\/centrum-harmonia.eu\/wp-content\/uploads\/2024\/05\/SK-Financovany-Europskou-uniou_PANTONE-768x161.jpg 768w, http:\/\/centrum-harmonia.eu\/wp-content\/uploads\/2024\/05\/SK-Financovany-Europskou-uniou_PANTONE-1536x322.jpg 1536w, http:\/\/centrum-harmonia.eu\/wp-content\/uploads\/2024\/05\/SK-Financovany-Europskou-uniou_PANTONE-2048x430.jpg 2048w\" sizes=\"(max-width: 348px) 100vw, 348px\" \/><\/figure>\n\n\n\n<p>Projekt Harmony vypl\u00fdva z podmienok s\u00fa\u010dasnosti s oh\u013eadom na aktivity a \u010dinnosti, ktor\u00e9 realizuj\u00fa na\u0161i partneri a my s \u013eu\u010fmi zo znev\u00fdhodnen\u00e9ho prostredia, znev\u00fdhodnen\u00ed soci\u00e1lne, alebo so zdravotn\u00fdmi obmedzeniami.<\/p>\n\n\n\n<p><strong>Hlavn\u00fdm cie\u013eom je<\/strong> vytvori\u0165 Centrum vzdel\u00e1vania dospel\u00fdch vo forme kurzov a materi\u00e1lov pre jednotliv\u00e9 oblasti: <\/p>\n\n\n\n<ul>\n<li>starostlivos\u0165 o p\u00f4du, pestovanie rastl\u00edn a spracovanie<\/li>\n\n\n\n<li>zamestnanie rod\u00edn na vidieku bez predo\u0161l\u00e9ho vzdelania<\/li>\n\n\n\n<li>spolupr\u00e1ca medzi farm\u00e1rmi a odberate\u013emi formou spolupodie\u013eania sa na tvorbe \u00farody<\/li>\n\n\n\n<li>samozamestnanie sa, samoz\u00e1sobenie sa a pr\u00e1ca v komunite<\/li>\n\n\n\n<li>pou\u017eitie pr\u00edrodn\u00e9ho materi\u00e1lu na stavby z\u00e1hrade<\/li>\n\n\n\n<li>pom\u00f4cky pre ergoterapiu, aromaterapiu na stimul\u00e1ciu a&nbsp;aktiviz\u00e1ciu seniorov a \u013eud\u00ed s&nbsp;handicapom.<\/li>\n<\/ul>\n\n\n\n<p>P\u00f4jde o mo\u017enosti h\u013eadania a prep\u00e1janie inform\u00e1ci\u00ed medzi partnermi v oblasti pr\u00e1ce v komunite, prepojenie na rie\u0161enie soci\u00e1lnych t\u00e9m a probl\u00e9mov rod\u00edn s de\u0165mi s postihom a hlavne mo\u017enosti uplatnenia sa rodi\u010dov v \u0165a\u017ekej \u017eivotnej situ\u00e1cii. Uplatnenie \u0165a\u017eko zamestnate\u013en\u00fdch z\u00edskan\u00edm vzdelania a zru\u010dnost\u00ed v oblasti pr\u00e1ce na vidieku.<\/p>\n\n\n\n<p>Vytvoren\u00e9 z\u00e1zemie pre realiz\u00e1ciu kurzov v organiz\u00e1ci\u00e1ch a mo\u017enosti vytv\u00e1rania aktiv\u00edt pre \u013eud\u00ed s r\u00f4znym vyl\u00fa\u010den\u00edm v komunit\u00e1ch bude pr\u00ednosom pre zlep\u0161enie ich \u017eivota. Realizovan\u00e9 workshopy v ka\u017edej partnerskej krajine spolu so skupinami \u00fa\u010dastn\u00edkov cie\u013eovej skupiny bude z\u00e1kladom pre vytvorenie pom\u00f4cok pre kreat\u00edvne mo\u017enosti pr\u00e1ce s \u013eu\u010fmi s handicapom a tie\u017e pre vytvorenie n\u00e1vodov na pr\u00e1ce s pr\u00edrodn\u00fdm materi\u00e1lom.<\/p>\n\n\n\n<p>Horizont\u00e1lna priorita &#8211; Inkl\u00fazia a rozmanitos\u0165 vo v\u0161etk\u00fdch sektoroch vzdel\u00e1vania \u2013 na\u0161im cie\u013eom je nerobi\u0165 vo vzdel\u00e1van\u00ed a v pr\u00edstupe k nemu \u017eiadne rozdiely. Chceme pom\u00f4c\u0165 rodin\u00e1m, ktor\u00e9 denne rie\u0161ia sp\u00f4soby vyl\u00fa\u010denia svojich det\u00ed alebo seba sam\u00fdch. H\u013ead\u00e1me mo\u017enosti, sp\u00f4soby a postupy, aby sme im \u017eivot u\u013eah\u010dili a aby sa stal pr\u00edjemn\u00fdm. Vzorom, uk\u00e1\u017ekou ako sa \u010do d\u00e1, je mo\u017en\u00e9 mnoh\u00e9 \u201enerie\u0161ite\u013en\u00e9\u201c probl\u00e9my rie\u0161i\u0165.<\/p>\n\n\n\n<hr class=\"wp-block-separator has-alpha-channel-opacity\"\/>\n\n\n\n<p class=\"has-text-align-center\">Financovan\u00e9 Eur\u00f3pskou \u00faniou. Vyjadren\u00e9 n\u00e1zory a postoje s\u00fa n\u00e1zormi a vyhl\u00e1seniami autorov a nemusia nevyhnutne odr\u00e1\u017ea\u0165 n\u00e1zory a stanovisk\u00e1 Eur\u00f3pskej \u00fanie. Eur\u00f3pska \u00fania ani organiz\u00e1cia ude\u013euj\u00faca grant za ne nepreberaj\u00fa \u017eiadnu zodpovednos\u0165.<\/p>\n\n\n\n<hr class=\"wp-block-separator has-alpha-channel-opacity\"\/>\n","protected":false},"excerpt":{"rendered":"<p>Projekt: 2021-1-SK01-KA210-ADU-000029390 Projekt Harmony vypl\u00fdva z podmienok s\u00fa\u010dasnosti s oh\u013eadom na aktivity a \u010dinnosti, ktor\u00e9 realizuj\u00fa na\u0161i partneri a my s \u013eu\u010fmi zo znev\u00fdhodnen\u00e9ho prostredia, znev\u00fdhodnen\u00ed soci\u00e1lne, alebo so zdravotn\u00fdmi obmedzeniami. Hlavn\u00fdm cie\u013eom je vytvori\u0165 Centrum vzdel\u00e1vania dospel\u00fdch vo forme kurzov a materi\u00e1lov pre jednotliv\u00e9 oblasti: P\u00f4jde o mo\u017enosti h\u013eadania a prep\u00e1janie inform\u00e1ci\u00ed medzi partnermi v oblasti pr\u00e1ce v komunite, prepojenie na rie\u0161enie soci\u00e1lnych t\u00e9m a probl\u00e9mov rod\u00edn s de\u0165mi s postihom a hlavne mo\u017enosti uplatnenia sa rodi\u010dov v \u0165a\u017ekej \u017eivotnej situ\u00e1cii. Uplatnenie \u0165a\u017eko zamestnate\u013en\u00fdch z\u00edskan\u00edm vzdelania a zru\u010dnost\u00ed v oblasti pr\u00e1ce na vidieku. Vytvoren\u00e9 z\u00e1zemie pre realiz\u00e1ciu kurzov v organiz\u00e1ci\u00e1ch a mo\u017enosti vytv\u00e1rania aktiv\u00edt pre \u013eud\u00ed s r\u00f4znym vyl\u00fa\u010den\u00edm v komunit\u00e1ch bude pr\u00ednosom pre zlep\u0161enie ich \u017eivota. Realizovan\u00e9 workshopy v ka\u017edej partnerskej krajine spolu so skupinami \u00fa\u010dastn\u00edkov cie\u013eovej skupiny bude z\u00e1kladom pre vytvorenie pom\u00f4cok pre kreat\u00edvne mo\u017enosti pr\u00e1ce s \u013eu\u010fmi s handicapom a tie\u017e pre vytvorenie n\u00e1vodov na pr\u00e1ce&hellip;<\/p>\n<p> <a class=\"more-link\" href=\"http:\/\/centrum-harmonia.eu\/\">Read more<\/a><\/p>\n","protected":false},"author":1,"featured_media":0,"parent":0,"menu_order":0,"comment_status":"closed","ping_status":"closed","template":"","meta":{"_monsterinsights_skip_tracking":false,"_monsterinsights_sitenote_active":false,"_monsterinsights_sitenote_note":"","_monsterinsights_sitenote_category":0},"_links":{"self":[{"href":"http:\/\/centrum-harmonia.eu\/index.php?rest_route=\/wp\/v2\/pages\/24"}],"collection":[{"href":"http:\/\/centrum-harmonia.eu\/index.php?rest_route=\/wp\/v2\/pages"}],"about":[{"href":"http:\/\/centrum-harmonia.eu\/index.php?rest_route=\/wp\/v2\/types\/page"}],"author":[{"embeddable":true,"href":"http:\/\/centrum-harmonia.eu\/index.php?rest_route=\/wp\/v2\/users\/1"}],"replies":[{"embeddable":true,"href":"http:\/\/centrum-harmonia.eu\/index.php?rest_route=%2Fwp%2Fv2%2Fcomments&post=24"}],"version-history":[{"count":6,"href":"http:\/\/centrum-harmonia.eu\/index.php?rest_route=\/wp\/v2\/pages\/24\/revisions"}],"predecessor-version":[{"id":129,"href":"http:\/\/centrum-harmonia.eu\/index.php?rest_route=\/wp\/v2\/pages\/24\/revisions\/129"}],"wp:attachment":[{"href":"http:\/\/centrum-harmonia.eu\/index.php?rest_route=%2Fwp%2Fv2%2Fmedia&parent=24"}],"curies":[{"name":"wp","href":"https:\/\/api.w.org\/{rel}","templated":true}]}}

Centrum spolupráce s inklúziou Harmónia

<p>Projekt: <strong>2021-1-SK01-KA210-ADU-000029390</strong></p>



<figure class="wp-block-image size-large is-resized is-style-default"><img decoding="async" loading="lazy" src="http://centrum-harmonia.eu/wp-content/uploads/2024/05/SK-Financovany-Europskou-uniou_PANTONE-1024x215.jpg" alt="" class="wp-image-62" width="348" height="73" srcset="http://centrum-harmonia.eu/wp-content/uploads/2024/05/SK-Financovany-Europskou-uniou_PANTONE-1024x215.jpg 1024w, http://centrum-harmonia.eu/wp-content/uploads/2024/05/SK-Financovany-Europskou-uniou_PANTONE-300x63.jpg 300w, http://centrum-harmonia.eu/wp-content/uploads/2024/05/SK-Financovany-Europskou-uniou_PANTONE-768x161.jpg 768w, http://centrum-harmonia.eu/wp-content/uploads/2024/05/SK-Financovany-Europskou-uniou_PANTONE-1536x322.jpg 1536w, http://centrum-harmonia.eu/wp-content/uploads/2024/05/SK-Financovany-Europskou-uniou_PANTONE-2048x430.jpg 2048w" sizes="(max-width: 348px) 100vw, 348px" /></figure>



<p>Projekt Harmony vyplýva z podmienok súčasnosti s ohľadom na aktivity a činnosti, ktoré realizujú naši partneri a my s ľuďmi zo znevýhodneného prostredia, znevýhodnení sociálne, alebo so zdravotnými obmedzeniami.</p>



<p><strong>Hlavným cieľom je</strong> vytvoriť Centrum vzdelávania dospelých vo forme kurzov a materiálov pre jednotlivé oblasti: </p>



<ul>
<li>starostlivosť o pôdu, pestovanie rastlín a spracovanie</li>



<li>zamestnanie rodín na vidieku bez predošlého vzdelania</li>



<li>spolupráca medzi farmármi a odberateľmi formou spolupodieľania sa na tvorbe úrody</li>



<li>samozamestnanie sa, samozásobenie sa a práca v komunite</li>



<li>použitie prírodného materiálu na stavby záhrade</li>



<li>pomôcky pre ergoterapiu, aromaterapiu na stimuláciu a&nbsp;aktivizáciu seniorov a ľudí s&nbsp;handicapom.</li>
</ul>



<p>Pôjde o možnosti hľadania a prepájanie informácií medzi partnermi v oblasti práce v komunite, prepojenie na riešenie sociálnych tém a problémov rodín s deťmi s postihom a hlavne možnosti uplatnenia sa rodičov v ťažkej životnej situácii. Uplatnenie ťažko zamestnateľných získaním vzdelania a zručností v oblasti práce na vidieku.</p>



<p>Vytvorené zázemie pre realizáciu kurzov v organizáciách a možnosti vytvárania aktivít pre ľudí s rôznym vylúčením v komunitách bude prínosom pre zlepšenie ich života. Realizované workshopy v každej partnerskej krajine spolu so skupinami účastníkov cieľovej skupiny bude základom pre vytvorenie pomôcok pre kreatívne možnosti práce s ľuďmi s handicapom a tiež pre vytvorenie návodov na práce s prírodným materiálom.</p>



<p>Horizontálna priorita &#8211; Inklúzia a rozmanitosť vo všetkých sektoroch vzdelávania – našim cieľom je nerobiť vo vzdelávaní a v prístupe k nemu žiadne rozdiely. Chceme pomôcť rodinám, ktoré denne riešia spôsoby vylúčenia svojich detí alebo seba samých. Hľadáme možnosti, spôsoby a postupy, aby sme im život uľahčili a aby sa stal príjemným. Vzorom, ukážkou ako sa čo dá, je možné mnohé „neriešiteľné“ problémy riešiť.</p>



<hr class="wp-block-separator has-alpha-channel-opacity"/>



<p class="has-text-align-center">Financované Európskou úniou. Vyjadrené názory a postoje sú názormi a vyhláseniami autorov a nemusia nevyhnutne odrážať názory a stanoviská Európskej únie. Európska únia ani organizácia udeľujúca grant za ne nepreberajú žiadnu zodpovednosť.</p>



<hr class="wp-block-separator has-alpha-channel-opacity"/>

<p>Projekt: 2021-1-SK01-KA210-ADU-000029390 Projekt Harmony vyplýva z podmienok súčasnosti s ohľadom na aktivity a činnosti, ktoré realizujú naši partneri a my s ľuďmi zo znevýhodneného prostredia, znevýhodnení sociálne, alebo so zdravotnými obmedzeniami. Hlavným cieľom je vytvoriť Centrum vzdelávania dospelých vo forme kurzov a materiálov pre jednotlivé oblasti: Pôjde o možnosti hľadania a prepájanie informácií medzi partnermi v oblasti práce v komunite, prepojenie na riešenie sociálnych tém a problémov rodín s deťmi s postihom a hlavne možnosti uplatnenia sa rodičov v ťažkej životnej situácii. Uplatnenie ťažko zamestnateľných získaním vzdelania a zručností v oblasti práce na vidieku. Vytvorené zázemie pre realizáciu kurzov v organizáciách a možnosti vytvárania aktivít pre ľudí s rôznym vylúčením v komunitách bude prínosom pre zlepšenie ich života. Realizované workshopy v každej partnerskej krajine spolu so skupinami účastníkov cieľovej skupiny bude základom pre vytvorenie pomôcok pre kreatívne možnosti práce s ľuďmi s handicapom a tiež pre vytvorenie návodov na práce&hellip;</p>
<p> <a class="more-link" href="http://centrum-harmonia.eu/">Read more</a></p>
